{"id":293,"date":"2020-11-13T09:23:14","date_gmt":"2020-11-13T08:23:14","guid":{"rendered":"http:\/\/www.stephanielehu.com\/?page_id=293"},"modified":"2025-02-23T14:31:52","modified_gmt":"2025-02-23T13:31:52","slug":"emotions","status":"publish","type":"page","link":"https:\/\/www.stephanielehu.com\/index.php\/portfolio\/emotions\/","title":{"rendered":"S\u00e9ances lifestyle"},"content":{"rendered":"<p style=\"text-align: center;\"><span style=\"font-family: Calibri, sans-serif;\"><span style=\"font-size: medium;\">La photographie lifestyle consiste \u00e0 capter vos moments de vie, de complicit\u00e9, de rires, de douceur, de partage.<\/span><\/span><\/p>\n<p style=\"text-align: center;\"><span style=\"font-family: Calibri, sans-serif;\"><span style=\"font-size: medium;\">Je vous accompagne avec mon regard bienveillant. Je vous mets \u00e0 l&rsquo;aise et vous guide afin que vous soyez tout simplement vous-m\u00eame, sans que les photos paraissent mises en sc\u00e8ne.<\/span><\/span><\/p>\n<p style=\"text-align: center;\"><span style=\"font-family: Calibri, sans-serif;\"><span style=\"font-size: medium;\">Mes images sont naturelles, laissent transpara\u00eetre vos \u00e9motions et racontent avec authenticit\u00e9 votre histoire.<\/span><\/span><\/p>\n<p><img loading=\"lazy\" decoding=\"async\" class=\"aligncenter wp-image-810 size-large\" src=\"http:\/\/www.stephanielehu.com\/wp-content\/uploads\/2025\/02\/Mathilde_famille\u00a9Stephanie_Goumat-110-1024x683.jpg\" alt=\"\" width=\"1024\" height=\"683\" \/><\/p>\n\n\n<blockquote class=\"wp-block-quote is-layout-flow wp-block-quote-is-layout-flow\">\n<p><\/p>\n\n\n\n<h3 class=\"wp-block-heading has-text-align-center\"><em><strong>\u00ab Une photo, c\u2019est un fragment de temps qui ne reviendra pas. \u00bb<\/strong><\/em><\/h3>\n\n\n\n<h3 class=\"wp-block-heading has-text-align-center\">Martine Franck<\/h3>\n<\/blockquote>\n\n\n\n<p><a href=\"http:\/\/osmozyoga.com\/\">&nbsp;<\/a><\/p>\n","protected":false},"excerpt":{"rendered":"<p>La photographie lifestyle consiste \u00e0 capter vos moments de vie, de complicit\u00e9, de rires, de douceur, de partage. Je vous accompagne avec mon regard bienveillant. Je vous mets \u00e0 l&rsquo;aise et vous guide afin que vous soyez tout simplement vous-m\u00eame, [&hellip;]<\/p>\n","protected":false},"author":1,"featured_media":0,"parent":39,"menu_order":0,"comment_status":"closed","ping_status":"closed","template":"","meta":{"footnotes":""},"class_list":["post-293","page","type-page","status-publish","hentry"],"_links":{"self":[{"href":"https:\/\/www.stephanielehu.com\/index.php\/wp-json\/wp\/v2\/pages\/293","targetHints":{"allow":["GET"]}}],"collection":[{"href":"https:\/\/www.stephanielehu.com\/index.php\/wp-json\/wp\/v2\/pages"}],"about":[{"href":"https:\/\/www.stephanielehu.com\/index.php\/wp-json\/wp\/v2\/types\/page"}],"author":[{"embeddable":true,"href":"https:\/\/www.stephanielehu.com\/index.php\/wp-json\/wp\/v2\/users\/1"}],"replies":[{"embeddable":true,"href":"https:\/\/www.stephanielehu.com\/index.php\/wp-json\/wp\/v2\/comments?post=293"}],"version-history":[{"count":15,"href":"https:\/\/www.stephanielehu.com\/index.php\/wp-json\/wp\/v2\/pages\/293\/revisions"}],"predecessor-version":[{"id":944,"href":"https:\/\/www.stephanielehu.com\/index.php\/wp-json\/wp\/v2\/pages\/293\/revisions\/944"}],"up":[{"embeddable":true,"href":"https:\/\/www.stephanielehu.com\/index.php\/wp-json\/wp\/v2\/pages\/39"}],"wp:attachment":[{"href":"https:\/\/www.stephanielehu.com\/index.php\/wp-json\/wp\/v2\/media?parent=293"}],"curies":[{"name":"wp","href":"https:\/\/api.w.org\/{rel}","templated":true}]}}