{"id":313,"date":"2020-11-13T21:12:16","date_gmt":"2020-11-13T20:12:16","guid":{"rendered":"http:\/\/www.stephanielehu.com\/?page_id=313"},"modified":"2020-11-16T13:59:53","modified_gmt":"2020-11-16T12:59:53","slug":"paysages-refuges","status":"publish","type":"page","link":"https:\/\/www.stephanielehu.com\/index.php\/portfolio\/experimentations\/paysages-refuges\/","title":{"rendered":"Paysages refuges"},"content":{"rendered":"<h4 style=\"text-align: center;\">St\u00e9nop\u00e9s, 2014<\/h4>\n<blockquote>\n<h6 style=\"text-align: center;\">Photographies r\u00e9alis\u00e9es en collaboration avec les habitants dans le cadre de la r\u00e9sidence artistique au <a href=\"http:\/\/maison-de-la-tour.fr\/\">Cube<\/a> \u00e0 Valaurie en 2014.<\/h6>\n<\/blockquote>\n<p>&nbsp;<\/p>\n<style type=\"text\/css\">\n#foogallery-gallery-311.fg-masonry { --fg-gutter: 10px; }<\/style>\n\t\t\t<div class=\"foogallery foogallery-container foogallery-masonry foogallery-lightbox-foobox fg-center fg-masonry fg-ready fg-light fg-loading-default fg-loaded-fade-in fg-captions-bottom fg-hover-fade fg-hover-plus fg-col4\" id=\"foogallery-gallery-311\" data-foogallery=\"{&quot;item&quot;:{&quot;showCaptionTitle&quot;:true,&quot;showCaptionDescription&quot;:true},&quot;lazy&quot;:true}\" style=\"--fg-title-line-clamp: 0; --fg-description-line-clamp: 0;\" >\n\t\t<div class=\"fg-column-width\"><\/div>\n\t<div class=\"fg-gutter-width\"><\/div>\n\t\t<div class=\"fg-item fg-type-image fg-idle\"><figure class=\"fg-item-inner\"><a href=\"https:\/\/www.stephanielehu.com\/wp-content\/uploads\/2020\/11\/S-Lehu-Paysage08-miroir-web.jpg\" data-attachment-id=\"228\" data-type=\"image\" class=\"fg-thumb\"><span class=\"fg-image-wrap\"><img fetchpriority=\"high\" decoding=\"async\" width=\"360\" height=\"360\" class=\"skip-lazy fg-image\" data-src-fg=\"https:\/\/www.stephanielehu.com\/wp-content\/uploads\/cache\/2020\/11\/S-Lehu-Paysage08-miroir-web\/843810327.jpg\" src=\"data:image\/svg+xml,%3Csvg%20xmlns%3D%22http%3A%2F%2Fwww.w3.org%2F2000%2Fsvg%22%20width%3D%22360%22%20height%3D%22360%22%20viewBox%3D%220%200%20360%20360%22%3E%3C%2Fsvg%3E\" loading=\"eager\"><\/span><span class=\"fg-image-overlay\"><\/span><\/a><\/figure><div class=\"fg-loader\"><\/div><\/div><div class=\"fg-item fg-type-image fg-idle\"><figure class=\"fg-item-inner\"><a href=\"https:\/\/www.stephanielehu.com\/wp-content\/uploads\/2020\/11\/S-Lehu-Paysage08-neg-web.jpg\" data-attachment-id=\"205\" data-type=\"image\" class=\"fg-thumb\"><span class=\"fg-image-wrap\"><img decoding=\"async\" width=\"360\" height=\"360\" class=\"skip-lazy fg-image\" data-src-fg=\"https:\/\/www.stephanielehu.com\/wp-content\/uploads\/cache\/2020\/11\/S-Lehu-Paysage08-neg-web\/-1333945535.jpg\" src=\"data:image\/svg+xml,%3Csvg%20xmlns%3D%22http%3A%2F%2Fwww.w3.org%2F2000%2Fsvg%22%20width%3D%22360%22%20height%3D%22360%22%20viewBox%3D%220%200%20360%20360%22%3E%3C%2Fsvg%3E\" loading=\"eager\"><\/span><span class=\"fg-image-overlay\"><\/span><\/a><\/figure><div class=\"fg-loader\"><\/div><\/div><div class=\"fg-item fg-type-image fg-idle\"><figure class=\"fg-item-inner\"><a href=\"https:\/\/www.stephanielehu.com\/wp-content\/uploads\/2020\/11\/S-Lehu-Paysage07-neg-web.jpg\" data-attachment-id=\"227\" data-type=\"image\" class=\"fg-thumb\"><span class=\"fg-image-wrap\"><img decoding=\"async\" width=\"360\" height=\"360\" class=\"skip-lazy fg-image\" data-src-fg=\"https:\/\/www.stephanielehu.com\/wp-content\/uploads\/cache\/2020\/11\/S-Lehu-Paysage07-neg-web\/1175388884.jpg\" src=\"data:image\/svg+xml,%3Csvg%20xmlns%3D%22http%3A%2F%2Fwww.w3.org%2F2000%2Fsvg%22%20width%3D%22360%22%20height%3D%22360%22%20viewBox%3D%220%200%20360%20360%22%3E%3C%2Fsvg%3E\" loading=\"eager\"><\/span><span class=\"fg-image-overlay\"><\/span><\/a><\/figure><div class=\"fg-loader\"><\/div><\/div><div class=\"fg-item fg-type-image fg-idle\"><figure class=\"fg-item-inner\"><a href=\"https:\/\/www.stephanielehu.com\/wp-content\/uploads\/2020\/11\/S-Lehu-Paysage07-miroir-web.jpg\" data-attachment-id=\"226\" data-type=\"image\" class=\"fg-thumb\"><span class=\"fg-image-wrap\"><img decoding=\"async\" width=\"360\" height=\"360\" class=\"skip-lazy fg-image\" data-src-fg=\"https:\/\/www.stephanielehu.com\/wp-content\/uploads\/cache\/2020\/11\/S-Lehu-Paysage07-miroir-web\/-1730213403.jpg\" src=\"data:image\/svg+xml,%3Csvg%20xmlns%3D%22http%3A%2F%2Fwww.w3.org%2F2000%2Fsvg%22%20width%3D%22360%22%20height%3D%22360%22%20viewBox%3D%220%200%20360%20360%22%3E%3C%2Fsvg%3E\" loading=\"eager\"><\/span><span class=\"fg-image-overlay\"><\/span><\/a><\/figure><div class=\"fg-loader\"><\/div><\/div><div class=\"fg-item fg-type-image fg-idle\"><figure class=\"fg-item-inner\"><a href=\"https:\/\/www.stephanielehu.com\/wp-content\/uploads\/2020\/11\/S-Lehu-Paysage06-neg.jpg\" data-attachment-id=\"225\" data-type=\"image\" class=\"fg-thumb\"><span class=\"fg-image-wrap\"><img decoding=\"async\" width=\"360\" height=\"360\" class=\"skip-lazy fg-image\" data-src-fg=\"https:\/\/www.stephanielehu.com\/wp-content\/uploads\/cache\/2020\/11\/S-Lehu-Paysage06-neg\/1349278359.jpg\" src=\"data:image\/svg+xml,%3Csvg%20xmlns%3D%22http%3A%2F%2Fwww.w3.org%2F2000%2Fsvg%22%20width%3D%22360%22%20height%3D%22360%22%20viewBox%3D%220%200%20360%20360%22%3E%3C%2Fsvg%3E\" loading=\"eager\"><\/span><span class=\"fg-image-overlay\"><\/span><\/a><\/figure><div class=\"fg-loader\"><\/div><\/div><div class=\"fg-item fg-type-image fg-idle\"><figure class=\"fg-item-inner\"><a href=\"https:\/\/www.stephanielehu.com\/wp-content\/uploads\/2020\/11\/S-Lehu-Paysage06-miroir-web.jpg\" data-attachment-id=\"224\" data-type=\"image\" class=\"fg-thumb\"><span class=\"fg-image-wrap\"><img decoding=\"async\" width=\"360\" height=\"360\" class=\"skip-lazy fg-image\" data-src-fg=\"https:\/\/www.stephanielehu.com\/wp-content\/uploads\/cache\/2020\/11\/S-Lehu-Paysage06-miroir-web\/690895810.jpg\" src=\"data:image\/svg+xml,%3Csvg%20xmlns%3D%22http%3A%2F%2Fwww.w3.org%2F2000%2Fsvg%22%20width%3D%22360%22%20height%3D%22360%22%20viewBox%3D%220%200%20360%20360%22%3E%3C%2Fsvg%3E\" loading=\"eager\"><\/span><span class=\"fg-image-overlay\"><\/span><\/a><\/figure><div class=\"fg-loader\"><\/div><\/div><div class=\"fg-item fg-type-image fg-idle\"><figure class=\"fg-item-inner\"><a href=\"https:\/\/www.stephanielehu.com\/wp-content\/uploads\/2020\/11\/S-Lehu-Paysage03-neg-web.jpg\" data-attachment-id=\"223\" data-type=\"image\" class=\"fg-thumb\"><span class=\"fg-image-wrap\"><img decoding=\"async\" width=\"360\" height=\"360\" class=\"skip-lazy fg-image\" data-src-fg=\"https:\/\/www.stephanielehu.com\/wp-content\/uploads\/cache\/2020\/11\/S-Lehu-Paysage03-neg-web\/-1002531401.jpg\" src=\"data:image\/svg+xml,%3Csvg%20xmlns%3D%22http%3A%2F%2Fwww.w3.org%2F2000%2Fsvg%22%20width%3D%22360%22%20height%3D%22360%22%20viewBox%3D%220%200%20360%20360%22%3E%3C%2Fsvg%3E\" loading=\"eager\"><\/span><span class=\"fg-image-overlay\"><\/span><\/a><\/figure><div class=\"fg-loader\"><\/div><\/div><div class=\"fg-item fg-type-image fg-idle\"><figure class=\"fg-item-inner\"><a href=\"https:\/\/www.stephanielehu.com\/wp-content\/uploads\/2020\/11\/S-Lehu-Paysage03-miroir-web.jpg\" data-attachment-id=\"222\" data-type=\"image\" class=\"fg-thumb\"><span class=\"fg-image-wrap\"><img decoding=\"async\" width=\"360\" height=\"360\" class=\"skip-lazy fg-image\" data-src-fg=\"https:\/\/www.stephanielehu.com\/wp-content\/uploads\/cache\/2020\/11\/S-Lehu-Paysage03-miroir-web\/-1114611463.jpg\" src=\"data:image\/svg+xml,%3Csvg%20xmlns%3D%22http%3A%2F%2Fwww.w3.org%2F2000%2Fsvg%22%20width%3D%22360%22%20height%3D%22360%22%20viewBox%3D%220%200%20360%20360%22%3E%3C%2Fsvg%3E\" loading=\"eager\"><\/span><span class=\"fg-image-overlay\"><\/span><\/a><\/figure><div class=\"fg-loader\"><\/div><\/div><div class=\"fg-item fg-type-image fg-idle\"><figure class=\"fg-item-inner\"><a href=\"https:\/\/www.stephanielehu.com\/wp-content\/uploads\/2020\/11\/S-Lehu-Paysage01-neg-web.jpg\" data-attachment-id=\"221\" data-type=\"image\" class=\"fg-thumb\"><span class=\"fg-image-wrap\"><img decoding=\"async\" width=\"360\" height=\"360\" class=\"skip-lazy fg-image\" data-src-fg=\"https:\/\/www.stephanielehu.com\/wp-content\/uploads\/cache\/2020\/11\/S-Lehu-Paysage01-neg-web\/1755241766.jpg\" src=\"data:image\/svg+xml,%3Csvg%20xmlns%3D%22http%3A%2F%2Fwww.w3.org%2F2000%2Fsvg%22%20width%3D%22360%22%20height%3D%22360%22%20viewBox%3D%220%200%20360%20360%22%3E%3C%2Fsvg%3E\" loading=\"eager\"><\/span><span class=\"fg-image-overlay\"><\/span><\/a><\/figure><div class=\"fg-loader\"><\/div><\/div><div class=\"fg-item fg-type-image fg-idle\"><figure class=\"fg-item-inner\"><a href=\"https:\/\/www.stephanielehu.com\/wp-content\/uploads\/2020\/11\/S-Lehu-Paysage01-miroir-web.jpg\" data-attachment-id=\"220\" data-type=\"image\" class=\"fg-thumb\"><span class=\"fg-image-wrap\"><img decoding=\"async\" width=\"360\" height=\"360\" class=\"skip-lazy fg-image\" data-src-fg=\"https:\/\/www.stephanielehu.com\/wp-content\/uploads\/cache\/2020\/11\/S-Lehu-Paysage01-miroir-web\/-1355295625.jpg\" src=\"data:image\/svg+xml,%3Csvg%20xmlns%3D%22http%3A%2F%2Fwww.w3.org%2F2000%2Fsvg%22%20width%3D%22360%22%20height%3D%22360%22%20viewBox%3D%220%200%20360%20360%22%3E%3C%2Fsvg%3E\" loading=\"eager\"><\/span><span class=\"fg-image-overlay\"><\/span><\/a><\/figure><div class=\"fg-loader\"><\/div><\/div><div class=\"fg-item fg-type-image fg-idle\"><figure class=\"fg-item-inner\"><a href=\"https:\/\/www.stephanielehu.com\/wp-content\/uploads\/2020\/11\/S-Lehu-Paysage21-neg-web.jpg\" data-attachment-id=\"219\" data-type=\"image\" class=\"fg-thumb\"><span class=\"fg-image-wrap\"><img decoding=\"async\" width=\"360\" height=\"360\" class=\"skip-lazy fg-image\" data-src-fg=\"https:\/\/www.stephanielehu.com\/wp-content\/uploads\/cache\/2020\/11\/S-Lehu-Paysage21-neg-web\/-2024823814.jpg\" src=\"data:image\/svg+xml,%3Csvg%20xmlns%3D%22http%3A%2F%2Fwww.w3.org%2F2000%2Fsvg%22%20width%3D%22360%22%20height%3D%22360%22%20viewBox%3D%220%200%20360%20360%22%3E%3C%2Fsvg%3E\" loading=\"eager\"><\/span><span class=\"fg-image-overlay\"><\/span><\/a><\/figure><div class=\"fg-loader\"><\/div><\/div><div class=\"fg-item fg-type-image fg-idle\"><figure class=\"fg-item-inner\"><a href=\"https:\/\/www.stephanielehu.com\/wp-content\/uploads\/2020\/11\/S-Lehu-Paysage21-miroir-web.jpg\" data-attachment-id=\"218\" data-type=\"image\" class=\"fg-thumb\"><span class=\"fg-image-wrap\"><img decoding=\"async\" width=\"360\" height=\"360\" class=\"skip-lazy fg-image\" data-src-fg=\"https:\/\/www.stephanielehu.com\/wp-content\/uploads\/cache\/2020\/11\/S-Lehu-Paysage21-miroir-web\/1808576246.jpg\" src=\"data:image\/svg+xml,%3Csvg%20xmlns%3D%22http%3A%2F%2Fwww.w3.org%2F2000%2Fsvg%22%20width%3D%22360%22%20height%3D%22360%22%20viewBox%3D%220%200%20360%20360%22%3E%3C%2Fsvg%3E\" loading=\"eager\"><\/span><span class=\"fg-image-overlay\"><\/span><\/a><\/figure><div class=\"fg-loader\"><\/div><\/div><div class=\"fg-item fg-type-image fg-idle\"><figure class=\"fg-item-inner\"><a href=\"https:\/\/www.stephanielehu.com\/wp-content\/uploads\/2020\/11\/S-Lehu-Paysage19-neg-web.jpg\" data-attachment-id=\"217\" data-type=\"image\" class=\"fg-thumb\"><span class=\"fg-image-wrap\"><img decoding=\"async\" width=\"360\" height=\"360\" class=\"skip-lazy fg-image\" data-src-fg=\"https:\/\/www.stephanielehu.com\/wp-content\/uploads\/cache\/2020\/11\/S-Lehu-Paysage19-neg-web\/1992779503.jpg\" src=\"data:image\/svg+xml,%3Csvg%20xmlns%3D%22http%3A%2F%2Fwww.w3.org%2F2000%2Fsvg%22%20width%3D%22360%22%20height%3D%22360%22%20viewBox%3D%220%200%20360%20360%22%3E%3C%2Fsvg%3E\" loading=\"eager\"><\/span><span class=\"fg-image-overlay\"><\/span><\/a><\/figure><div class=\"fg-loader\"><\/div><\/div><div class=\"fg-item fg-type-image fg-idle\"><figure class=\"fg-item-inner\"><a href=\"https:\/\/www.stephanielehu.com\/wp-content\/uploads\/2020\/11\/S-Lehu-Paysage19-miroir-web.jpg\" data-attachment-id=\"216\" data-type=\"image\" class=\"fg-thumb\"><span class=\"fg-image-wrap\"><img decoding=\"async\" width=\"360\" height=\"360\" class=\"skip-lazy fg-image\" data-src-fg=\"https:\/\/www.stephanielehu.com\/wp-content\/uploads\/cache\/2020\/11\/S-Lehu-Paysage19-miroir-web\/617604997.jpg\" src=\"data:image\/svg+xml,%3Csvg%20xmlns%3D%22http%3A%2F%2Fwww.w3.org%2F2000%2Fsvg%22%20width%3D%22360%22%20height%3D%22360%22%20viewBox%3D%220%200%20360%20360%22%3E%3C%2Fsvg%3E\" loading=\"eager\"><\/span><span class=\"fg-image-overlay\"><\/span><\/a><\/figure><div class=\"fg-loader\"><\/div><\/div><div class=\"fg-item fg-type-image fg-idle\"><figure class=\"fg-item-inner\"><a href=\"https:\/\/www.stephanielehu.com\/wp-content\/uploads\/2020\/11\/S-Lehu-Paysage17-neg-web.jpg\" data-attachment-id=\"215\" data-type=\"image\" class=\"fg-thumb\"><span class=\"fg-image-wrap\"><img decoding=\"async\" width=\"360\" height=\"360\" class=\"skip-lazy fg-image\" data-src-fg=\"https:\/\/www.stephanielehu.com\/wp-content\/uploads\/cache\/2020\/11\/S-Lehu-Paysage17-neg-web\/2101738934.jpg\" src=\"data:image\/svg+xml,%3Csvg%20xmlns%3D%22http%3A%2F%2Fwww.w3.org%2F2000%2Fsvg%22%20width%3D%22360%22%20height%3D%22360%22%20viewBox%3D%220%200%20360%20360%22%3E%3C%2Fsvg%3E\" loading=\"eager\"><\/span><span class=\"fg-image-overlay\"><\/span><\/a><\/figure><div class=\"fg-loader\"><\/div><\/div><div class=\"fg-item fg-type-image fg-idle\"><figure class=\"fg-item-inner\"><a href=\"https:\/\/www.stephanielehu.com\/wp-content\/uploads\/2020\/11\/S-Lehu-Paysage17-miroir-web.jpg\" data-attachment-id=\"214\" data-type=\"image\" class=\"fg-thumb\"><span class=\"fg-image-wrap\"><img decoding=\"async\" width=\"360\" height=\"360\" class=\"skip-lazy fg-image\" data-src-fg=\"https:\/\/www.stephanielehu.com\/wp-content\/uploads\/cache\/2020\/11\/S-Lehu-Paysage17-miroir-web\/-694074516.jpg\" src=\"data:image\/svg+xml,%3Csvg%20xmlns%3D%22http%3A%2F%2Fwww.w3.org%2F2000%2Fsvg%22%20width%3D%22360%22%20height%3D%22360%22%20viewBox%3D%220%200%20360%20360%22%3E%3C%2Fsvg%3E\" loading=\"eager\"><\/span><span class=\"fg-image-overlay\"><\/span><\/a><\/figure><div class=\"fg-loader\"><\/div><\/div><div class=\"fg-item fg-type-image fg-idle\"><figure class=\"fg-item-inner\"><a href=\"https:\/\/www.stephanielehu.com\/wp-content\/uploads\/2020\/11\/S-Lehu-Paysage14-neg-web.jpg\" data-attachment-id=\"213\" data-type=\"image\" class=\"fg-thumb\"><span class=\"fg-image-wrap\"><img decoding=\"async\" width=\"360\" height=\"360\" class=\"skip-lazy fg-image\" data-src-fg=\"https:\/\/www.stephanielehu.com\/wp-content\/uploads\/cache\/2020\/11\/S-Lehu-Paysage14-neg-web\/697171794.jpg\" src=\"data:image\/svg+xml,%3Csvg%20xmlns%3D%22http%3A%2F%2Fwww.w3.org%2F2000%2Fsvg%22%20width%3D%22360%22%20height%3D%22360%22%20viewBox%3D%220%200%20360%20360%22%3E%3C%2Fsvg%3E\" loading=\"eager\"><\/span><span class=\"fg-image-overlay\"><\/span><\/a><\/figure><div class=\"fg-loader\"><\/div><\/div><div class=\"fg-item fg-type-image fg-idle\"><figure class=\"fg-item-inner\"><a href=\"https:\/\/www.stephanielehu.com\/wp-content\/uploads\/2020\/11\/S-Lehu-Paysage14-miroir-web.jpg\" data-attachment-id=\"212\" data-type=\"image\" class=\"fg-thumb\"><span class=\"fg-image-wrap\"><img decoding=\"async\" width=\"360\" height=\"360\" class=\"skip-lazy fg-image\" data-src-fg=\"https:\/\/www.stephanielehu.com\/wp-content\/uploads\/cache\/2020\/11\/S-Lehu-Paysage14-miroir-web\/-540863676.jpg\" src=\"data:image\/svg+xml,%3Csvg%20xmlns%3D%22http%3A%2F%2Fwww.w3.org%2F2000%2Fsvg%22%20width%3D%22360%22%20height%3D%22360%22%20viewBox%3D%220%200%20360%20360%22%3E%3C%2Fsvg%3E\" loading=\"eager\"><\/span><span class=\"fg-image-overlay\"><\/span><\/a><\/figure><div class=\"fg-loader\"><\/div><\/div><div class=\"fg-item fg-type-image fg-idle\"><figure class=\"fg-item-inner\"><a href=\"https:\/\/www.stephanielehu.com\/wp-content\/uploads\/2020\/11\/S-Lehu-Paysage11-neg-web.jpg\" data-attachment-id=\"211\" data-type=\"image\" class=\"fg-thumb\"><span class=\"fg-image-wrap\"><img decoding=\"async\" width=\"360\" height=\"360\" class=\"skip-lazy fg-image\" data-src-fg=\"https:\/\/www.stephanielehu.com\/wp-content\/uploads\/cache\/2020\/11\/S-Lehu-Paysage11-neg-web\/2027179958.jpg\" src=\"data:image\/svg+xml,%3Csvg%20xmlns%3D%22http%3A%2F%2Fwww.w3.org%2F2000%2Fsvg%22%20width%3D%22360%22%20height%3D%22360%22%20viewBox%3D%220%200%20360%20360%22%3E%3C%2Fsvg%3E\" loading=\"eager\"><\/span><span class=\"fg-image-overlay\"><\/span><\/a><\/figure><div class=\"fg-loader\"><\/div><\/div><div class=\"fg-item fg-type-image fg-idle\"><figure class=\"fg-item-inner\"><a href=\"https:\/\/www.stephanielehu.com\/wp-content\/uploads\/2020\/11\/S-Lehu-Paysage11-miroir-web.jpg\" data-attachment-id=\"210\" data-type=\"image\" class=\"fg-thumb\"><span class=\"fg-image-wrap\"><img decoding=\"async\" width=\"360\" height=\"360\" class=\"skip-lazy fg-image\" data-src-fg=\"https:\/\/www.stephanielehu.com\/wp-content\/uploads\/cache\/2020\/11\/S-Lehu-Paysage11-miroir-web\/-2024133503.jpg\" src=\"data:image\/svg+xml,%3Csvg%20xmlns%3D%22http%3A%2F%2Fwww.w3.org%2F2000%2Fsvg%22%20width%3D%22360%22%20height%3D%22360%22%20viewBox%3D%220%200%20360%20360%22%3E%3C%2Fsvg%3E\" loading=\"eager\"><\/span><span class=\"fg-image-overlay\"><\/span><\/a><\/figure><div class=\"fg-loader\"><\/div><\/div><div class=\"fg-item fg-type-image fg-idle\"><figure class=\"fg-item-inner\"><a href=\"https:\/\/www.stephanielehu.com\/wp-content\/uploads\/2020\/11\/S-Lehu-Paysage10-neg-web.jpg\" data-attachment-id=\"209\" data-type=\"image\" class=\"fg-thumb\"><span class=\"fg-image-wrap\"><img decoding=\"async\" width=\"360\" height=\"360\" class=\"skip-lazy fg-image\" data-src-fg=\"https:\/\/www.stephanielehu.com\/wp-content\/uploads\/cache\/2020\/11\/S-Lehu-Paysage10-neg-web\/-1094081695.jpg\" src=\"data:image\/svg+xml,%3Csvg%20xmlns%3D%22http%3A%2F%2Fwww.w3.org%2F2000%2Fsvg%22%20width%3D%22360%22%20height%3D%22360%22%20viewBox%3D%220%200%20360%20360%22%3E%3C%2Fsvg%3E\" loading=\"eager\"><\/span><span class=\"fg-image-overlay\"><\/span><\/a><\/figure><div class=\"fg-loader\"><\/div><\/div><div class=\"fg-item fg-type-image fg-idle\"><figure class=\"fg-item-inner\"><a href=\"https:\/\/www.stephanielehu.com\/wp-content\/uploads\/2020\/11\/S-Lehu-Paysage10-miroir-web.jpg\" data-attachment-id=\"208\" data-type=\"image\" class=\"fg-thumb\"><span class=\"fg-image-wrap\"><img decoding=\"async\" width=\"360\" height=\"360\" class=\"skip-lazy fg-image\" data-src-fg=\"https:\/\/www.stephanielehu.com\/wp-content\/uploads\/cache\/2020\/11\/S-Lehu-Paysage10-miroir-web\/-1638801461.jpg\" src=\"data:image\/svg+xml,%3Csvg%20xmlns%3D%22http%3A%2F%2Fwww.w3.org%2F2000%2Fsvg%22%20width%3D%22360%22%20height%3D%22360%22%20viewBox%3D%220%200%20360%20360%22%3E%3C%2Fsvg%3E\" loading=\"eager\"><\/span><span class=\"fg-image-overlay\"><\/span><\/a><\/figure><div class=\"fg-loader\"><\/div><\/div><div class=\"fg-item fg-type-image fg-idle\"><figure class=\"fg-item-inner\"><a href=\"https:\/\/www.stephanielehu.com\/wp-content\/uploads\/2020\/11\/S-Lehu-Paysage09-neg-web.jpg\" data-attachment-id=\"207\" data-type=\"image\" class=\"fg-thumb\"><span class=\"fg-image-wrap\"><img decoding=\"async\" width=\"360\" height=\"360\" class=\"skip-lazy fg-image\" data-src-fg=\"https:\/\/www.stephanielehu.com\/wp-content\/uploads\/cache\/2020\/11\/S-Lehu-Paysage09-neg-web\/890595106.jpg\" src=\"data:image\/svg+xml,%3Csvg%20xmlns%3D%22http%3A%2F%2Fwww.w3.org%2F2000%2Fsvg%22%20width%3D%22360%22%20height%3D%22360%22%20viewBox%3D%220%200%20360%20360%22%3E%3C%2Fsvg%3E\" loading=\"eager\"><\/span><span class=\"fg-image-overlay\"><\/span><\/a><\/figure><div class=\"fg-loader\"><\/div><\/div><div class=\"fg-item fg-type-image fg-idle\"><figure class=\"fg-item-inner\"><a href=\"https:\/\/www.stephanielehu.com\/wp-content\/uploads\/2020\/11\/S-Lehu-Paysage09-miroir-web.jpg\" data-attachment-id=\"206\" data-type=\"image\" class=\"fg-thumb\"><span class=\"fg-image-wrap\"><img decoding=\"async\" width=\"360\" height=\"360\" class=\"skip-lazy fg-image\" data-src-fg=\"https:\/\/www.stephanielehu.com\/wp-content\/uploads\/cache\/2020\/11\/S-Lehu-Paysage09-miroir-web\/-864133012.jpg\" src=\"data:image\/svg+xml,%3Csvg%20xmlns%3D%22http%3A%2F%2Fwww.w3.org%2F2000%2Fsvg%22%20width%3D%22360%22%20height%3D%22360%22%20viewBox%3D%220%200%20360%20360%22%3E%3C%2Fsvg%3E\" loading=\"eager\"><\/span><span class=\"fg-image-overlay\"><\/span><\/a><\/figure><div class=\"fg-loader\"><\/div><\/div><\/div>\n","protected":false},"excerpt":{"rendered":"<p>St\u00e9nop\u00e9s, 2014 Photographies r\u00e9alis\u00e9es en collaboration avec les habitants dans le cadre de la r\u00e9sidence artistique au Cube \u00e0 Valaurie en 2014. &nbsp;<\/p>\n","protected":false},"author":1,"featured_media":0,"parent":75,"menu_order":0,"comment_status":"closed","ping_status":"closed","template":"","meta":{"footnotes":""},"class_list":["post-313","page","type-page","status-publish","hentry"],"_links":{"self":[{"href":"https:\/\/www.stephanielehu.com\/index.php\/wp-json\/wp\/v2\/pages\/313","targetHints":{"allow":["GET"]}}],"collection":[{"href":"https:\/\/www.stephanielehu.com\/index.php\/wp-json\/wp\/v2\/pages"}],"about":[{"href":"https:\/\/www.stephanielehu.com\/index.php\/wp-json\/wp\/v2\/types\/page"}],"author":[{"embeddable":true,"href":"https:\/\/www.stephanielehu.com\/index.php\/wp-json\/wp\/v2\/users\/1"}],"replies":[{"embeddable":true,"href":"https:\/\/www.stephanielehu.com\/index.php\/wp-json\/wp\/v2\/comments?post=313"}],"version-history":[{"count":7,"href":"https:\/\/www.stephanielehu.com\/index.php\/wp-json\/wp\/v2\/pages\/313\/revisions"}],"predecessor-version":[{"id":385,"href":"https:\/\/www.stephanielehu.com\/index.php\/wp-json\/wp\/v2\/pages\/313\/revisions\/385"}],"up":[{"embeddable":true,"href":"https:\/\/www.stephanielehu.com\/index.php\/wp-json\/wp\/v2\/pages\/75"}],"wp:attachment":[{"href":"https:\/\/www.stephanielehu.com\/index.php\/wp-json\/wp\/v2\/media?parent=313"}],"curies":[{"name":"wp","href":"https:\/\/api.w.org\/{rel}","templated":true}]}}